96 and 57?
3
What is the greatest common divisor of 185 and 296?
37
Calculate the highest common factor of 9 and 20.
1
What is the highest common divisor of 399 and 35?
7
What is the highest common divisor of 425 and 230?
5
What is the greatest common divisor of 693 and 9999?
99
Calculate the greatest common divisor of 1450 and 50.
50
Calculate the greatest common divisor of 1 and 401.
1
Calculate the greatest common divisor of 128 and 2560.
128
Calculate the highest common factor of 1204 and 21.
7
What is the greatest common factor of 44 and 20?
4
Calculate the highest common factor of 2254 and 1274.
98
What is the greatest common divisor of 82 and 15826?
82
What is the highest common factor of 1962 and 6322?
218
What is the greatest common divisor of 19 and 11647?
19
Calculate the greatest common factor of 12 and 7692.
12
What is the greatest common divisor of 342 and 72?
18
What is the greatest common factor of 119 and 175?
7
What is the highest common factor of 1029 and 56?
7
Calculate the highest common divisor of 2555 and 35.
35
What is the greatest common factor of 23 and 2277?
23
Calculate the greatest common factor of 26 and 46618.
26
What is the highest common divisor of 4 and 64?
4
Calculate the greatest common divisor of 63 and 423.
9
Calculate the greatest common factor of 432 and 504.
72
Calculate the highest common factor of 384 and 1024.
128
Calculate the highest common divisor of 7122 and 6.
6
Calculate the greatest common divisor of 22162 and 28.
14
What is the greatest common factor of 448 and 24?
8
What is the greatest common divisor of 672 and 60?
12
Calculate the greatest common divisor of 1739 and 94.
47
What is the highest common divisor of 14 and 12?
2
Calculate the highest common divisor of 2060 and 8.
4
Calculate the highest common divisor of 10386 and 36.
18
Calculate the greatest common factor of 609 and 42.
21
What is the greatest common divisor of 21 and 14063?
7
Calculate the highest common factor of 190 and 1040.
10
What is the greatest common divisor of 91 and 11557?
91
Calculate the highest common factor of 9084 and 12.
12
What is the highest common factor of 5825 and 25?
25
Calculate the greatest common divisor of 162 and 594.
54
What is the greatest common divisor of 62 and 310?
62
Calculate the greatest common factor of 336 and 240.
48
What is the greatest common divisor of 88 and 720?
8
Calculate the highest common factor of 320 and 208.
16
Calculate the highest common factor of 18690 and 42.
42
Calculate the highest common factor of 288 and 64.
32
What is the greatest common divisor of 333 and 99?
9
What is the highest common divisor of 1760 and 2310?
110
Calculate the greatest common factor of 1743 and 21.
21
What is the highest common divisor of 234 and 31005?
117
Calculate the greatest common factor of 252 and 3969.
63
Calculate the greatest common factor of 1147 and 62.
31
Calculate the greatest common divisor of 17 and 11866.
17
Calculate the greatest common divisor of 9540 and 900.
180
Calculate the highest common factor of 55 and 195.
5
What is the greatest common factor of 319 and 33?
11
Calculate the highest common divisor of 4228 and 112.
28
Calculate the highest common divisor of 4868 and 2.
2
What is the highest common divisor of 6415 and 5?
5
Calculate the highest common factor of 12 and 228.
12
What is the highest common divisor of 154 and 110?
22
What is the highest common factor of 157 and 21509?
157
What is the greatest common factor of 15 and 1065?
15
What is the greatest common factor of 16 and 728?
8
Calculate the greatest common factor of 24 and 808.
8
Calculate the highest common divisor of 3275 and 524.
131
Calculate the greatest common divisor of 9844 and 92.
92
What is the greatest common divisor of 1734 and 6?
6
What is the greatest common factor of 9 and 594?
9
Calculate the greatest common divisor of 169 and 39.
13
What is the greatest common divisor of 9 and 48?
3
Calculate the greatest common factor of 1316 and 980.
28
Calculate the greatest common factor of 48 and 272.
16
What is the highest common divisor of 306 and 18?
18
Calculate the greatest common divisor of 10 and 640.
10
Calculate the greatest common factor of 4163 and 92.
23
What is the greatest common divisor of 113 and 82151?
113
What is the greatest common divisor of 489 and 3?
3
Calculate the highest common factor of 2176 and 48.
16
Calculate the highest common divisor of 945 and 891.
27
What is the highest common factor of 3379 and 872?
109
Calculate the greatest common factor of 184 and 208.
8
What is the greatest common factor of 7 and 13181?
7
Calculate the greatest common factor of 764 and 1.
1
What is the greatest common divisor of 414 and 18?
18
What is the greatest common factor of 1755 and 6318?
351
What is the highest common factor of 21600 and 20?
20
Calculate the greatest common divisor of 60 and 3090.
30
Calculate the highest common factor of 76 and 356.
4
What is the greatest common factor of 1 and 63?
1
Calculate the highest common factor of 6 and 795.
3
Calculate the highest common divisor of 414 and 36.
18
What is the greatest common divisor of 28 and 4?
4
Calculate the greatest common factor of 32 and 7136.
32
Calculate the highest common divisor of 611 and 13.
13
What is the highest common divisor of 9 and 15?
3
Calculate the greatest common divisor of 25 and 2815.
5
What is the greatest common divisor of 72 and 14?
2
What is the greatest common divisor of 45 and 585?
45
Calculate the greatest common factor of 26 and 8658.
26
Calculate the highest common factor of 35 and 8785.
35
What is the highest common factor of 80322 and 6?
6
Calculate the greatest common factor of 416 and 910.
26
What is the greatest common factor of 1302 and 168?
42
Calculate the highest common factor of 211 and 4.
1
Calculate the greatest common divisor of 1343 and 119.
17
Calculate the highest common factor of 2670 and 60.
30
What is the greatest common divisor of 2728 and 352?
88
What is the greatest common factor of 290 and 5916?
58
What is the greatest common factor of 279 and 3007?
31
What is the highest common divisor of 141 and 517?
47
Calculate the highest common divisor of 484 and 847.
121
Calculate the greatest common divisor of 200 and 1500.
100
Calculate the greatest common divisor of 204 and 561.
51
Calculate the greatest common divisor of 285 and 30.
15
Calculate the highest common factor of 4085 and 1935.
215
What is the greatest common factor of 805 and 35?
35
Calculate the highest common divisor of 1829 and 465.
31
What is the greatest common divisor of 190 and 10?
10
What is the highest common factor of 4360 and 40?
40
Calculate the greatest common factor of 144 and 80.
16
What is the greatest common divisor of 104 and 808?
8
Calculate the greatest common divisor of 133 and 1197.
133
Calculate the highest common factor of 37466 and 572.
286
Calculate the greatest common divisor of 1424 and 1958.
178
What is the greatest common divisor of 306 and 14?
2
What is the highest common divisor of 275 and 77?
11
What is the highest common divisor of 118 and 12862?
118
What is the greatest common factor of 400 and 500?
100
Calculate the highest common divisor of 39592 and 49.
49
What is the greatest common divisor of 748 and 1836?
68
What is the greatest common divisor of 1161 and 27?
27
Calculate the greatest common factor of 95 and 8227.
19
Calculate the greatest common divisor of 9744 and 1740.
348
What is the greatest common factor of 46 and 368?
46
Calculate the highest common divisor of 3 and 2307.
3
What is the greatest common factor of 25896 and 83?
83
Calculate the highest common factor of 7 and 497.
7
What is the highest common factor of 29 and 9425?
29
What is the highest common divisor of 27 and 14400?
9
Calculate the greatest common divisor of 15 and 501.
3
What is the highest common divisor of 328 and 8692?
164
What is the highest common divisor of 16 and 64?
16
Calculate the greatest common divisor of 234 and 36.
18
Calculate the greatest common divisor of 1026 and 216.
54
Calculate the highest common factor of 63280 and 112.
112
Calculate the greatest common divisor of 49428 and 12.
12
Calculate the highest common divisor of 88 and 121.
11
What is the greatest common factor of 258 and 210?